 the prime factors of r.
2, 173
Let s be ((-2559)/(-4))/(2/(-40)). List the prime factors of (s/(-27))/5 - (-6)/27.
5, 19
Let g(p) = p**3 + 7*p**2 - 8*p + 3. Let j = 6 + -14. Let t be g(j). Suppose 0 = 5*w + l - 195, 5*w - 221 + 26 = t*l. List the prime factors of w.
3, 13
Let l(f) = 110*f + 27. List the prime factors of l(13).
31, 47
Let n(i) = 3*i + 1. Let z be n(-1). List the prime factors of (-222 + z)*((-33)/4)/11.
2, 3, 7
Let i(p) = p + 15. Let r be i(-11). Suppose -8 = -r*g + 4*b, -15 = -2*g - b + 1. List the prime factors of g.
2, 3
Let s be (-14 - (-6)/3)/(-2). Suppose s*n - 5*n - 16 = 0. List the prime factors of n/(-72) - (-191)/9.
3, 7
Suppose m - 82 = 2*v, 164 = 2*m - 4*v - v. What are the prime factors of m?
2, 41
Suppose 3*h - 2997 = -4*s, h + 5*s - 479 - 520 = 0. What are the prime factors of h?
3, 37
Suppose 2*b = 4*b. Suppose x = -4*i + 557, b = 2*x + 2*x + 12. What are the prime factors of i?
2, 5, 7
Let w(k) = 3*k**3 + 5*k**2 - 2*k + 2. Let v be w(2). Let p be 186/v - 8/(-14). Suppose 0*n + 2*n = p*y + 40, -22 = -2*n - 4*y. What are the prime factors of n?
3, 5
Suppose 4*a + 4*j = 812, 5*j - 867 = -4*a - 60. Let d = a + -90. List the prime factors of d.
2, 59
Suppose -2*y + 2*q + 4 = 0, y + 5*q = -0*q + 32. Let p(r) = 2*r**2 - 10*r - 10. Let m be p(y). List the prime factors of (-1)/(-3) + 300/m.
17
Let m = -112 + 919. List the prime factors of m.
3, 269
What are the prime factors of 1/((-4)/(-12)) - -1373?
2, 43
Suppose 5*u - 2328 = 1077. Suppose 8*o - u = 287. What are the prime factors of o?
11
Let n = -35 - -42. Suppose -y = 2*i - n*i - 97, -2*y - 2*i = -206. List the prime factors of y.
2, 3, 17
Suppose 23 = y - 4*r, 8*y + 4*r = 5*y - 11. Suppose -5*u - 3*z + 2*z = -1390, 2*u + y*z - 556 = 0. What are the prime factors of u?
2, 139
Let r = -10750 + 15258. List the prime factors of r.
2, 7, 23
What are the prime factors of (-2)/2 - 2934/(-3)?
977
Let r(f) = 15*f**2 - 176*f - 54. What are the prime factors of r(-13)?
19, 251
Suppose 355*j - 374*j + 28576 = 0. What are the prime factors of j?
2, 47
Let b(s) = -2*s**2 - 9*s + 2. Let t be b(-4). Let y = 27 - t. What are the prime factors of y?
3, 7
Suppose 0 = -u - 2, 0*u - 596 = -3*o - 5*u. Let v = o + -109. List the prime factors of v.
3, 31
Suppose 0 = -5*l - 2*s - 8, -5*s - 16 - 4 = -3*l. Suppose l = -6*a - a + 119. List the prime factors of a.
17
Let h = -26 - -63. Let d be 4*h - (7 + -10). Suppose 0*b - z = -5*b + d, 2*b - 50 = 3*z. List the prime factors of b.
31
Let j(o) be the first derivative of -39*o**2/2 + 9*o + 2. What are the prime factors of j(-4)?
3, 5, 11
Suppose 4*h = 15 + 125. Let o = -30 + h. What are the prime factors of o?
5
Let u be -10*(-3 - (-172)/(-8)). Suppose 16*j + u = 21*j. What are the prime factors of j?
7
Suppose 22*u = 4*u + 13626. List the prime factors of u.
757
Let v = -19 + 19. Suppose 4*k + 3*p - 412 = v, 84 + 352 = 4*k - 3*p. Suppose 11 + k = 3*u. What are the prime factors of u?
3, 13
Let s be (27/(-6) + 4)*-14. Suppose -43 = -3*z - r, -r - 29 = -2*z - s. List the prime factors of z.
13
Let o(j) be the third derivative of j**5/12 - j**4/6 + j**3/3 + 6*j**2. Let h be o(3). List the prime factors of 28/h*(0 - -30).
2, 3
Let m(w) = w + 12. Let z be m(-10). Let a be -31 - (12/(-4) + z). Let u = 42 + a. What are the prime factors of u?
2, 3
Suppose 0 = -24*a + 650 + 11950. List the prime factors of a.
3, 5, 7
Let a be ((-6)/(-2)*2)/(-2). Let u(b) = 26*b**2. Let d be u(a). List the prime factors of 2/4 + d/12.
2, 5
Let u = 169 + -59. Suppose 3*l = 4*n + 6*l - u, -32 = -n - 3*l. List the prime factors of n.
2, 13
Suppose 55*c + 3*c = 167562. List the prime factors of c.
3, 107
Let u = 979 - 919. List the prime factors of u.
2, 3, 5
Let j(y) = 7*y - 13. List the prime factors of j(17).
2, 53
Let k(x) = 3*x**3 - 25*x**2 + 42*x + 14. Let j(h) = -h**3 + 8*h**2 - 14*h - 5. Let g(y) = -11*j(y) - 4*k(y). What are the prime factors of g(10)?
59
Let p(z) = -z**2 - 18*z - 24. Let h be p(-15). Suppose c + 11 = h. List the prime factors of c.
2, 5
Let h(g) = 35*g**3 - g**2 - 4*g + 8. What are the prime factors of h(4)?
2, 277
Let n = -1279 - -1987. List the prime factors of n.
2, 3, 59
Suppose 0 = 4*t + 4, -5*n + n + t = -13189. What are the prime factors of n?
3, 7, 157
Let i(v) = 3*v + 20. Let z be i(6). Suppose 34 = -6*x - z. What are the prime factors of (x/5)/(9/(-120))?
2
Let q = -857 + 4441. List the prime factors of q.
2, 7
Let a = -3 - -3. Suppose 8*x - 3*x - 440 = a. What are the prime factors of x?
2, 11
Let t(r) = -r**2 - 2*r. Let h be t(-1). Let s = h - -2. Suppose 3*a - s - 9 = 0. What are the prime factors of a?
2
Suppose 0*w - 4*w - 12 = -5*o, o - 2 = w. Suppose -2*v - 3*v = w*i + 111, -2*v = -3*i + 33. Let q = v - -32. What are the prime factors of q?
11
Let h = -5 + 13. Suppose 22 = s - h. List the prime factors of s.
2, 3, 5
Suppose -546*p + 529*p = -27217. What are the prime factors of p?
1601
Let i(t) = -t**3 + 26*t**2 - 35*t - 5. List the prime factors of i(23).
3, 7, 37
Let i(u) = u**2 + 8*u + 18. Let a be i(-6). Let n(r) = -4*r**2 - 7*r + r + 7 + r**3 - 3*r. What are the prime factors of n(a)?
5
Suppose -42*u = 20*u - 161510. List the prime factors of u.
5, 521
Let s(o) = 2*o - 17. Let h be s(7). List the prime factors of (-1 + 19)/(0 + h/(-4)).
2, 3
Let a(y) = y**2 + 12*y + 23. Suppose 0 = -5*o + 3*o - 20. Let h be a(o). Suppose -4*w = 2*q - 41 - 33, -h*q + 113 = 5*w. List the prime factors of q.
41
Suppose 2*j = -6*j + 808. What are the prime factors of j?
101
Suppose 0 = -2*d + 7*d + 35. Let s(f) = -f**3 - 8*f**2 - 8*f - 4. Let p be s(d). Suppose p*t - 135 = -2*t. List the prime factors of t.
3
Suppose -3*o + 8996 = -5*t, -15050 = -5*o + 145*t - 148*t. What are the prime factors of o?
31, 97
Let x(m) be the second derivative of -m**4/6 + 13*m**3/6 - m**2 - 2*m. Let k be x(6). Let z(y) = y**3 - 2*y**2 + y - 2. What are the prime factors of z(k)?
2, 17
Suppose g + 2*g = -3*b + 120, 5*b + g - 220 = 0. Suppose -3*y = 3*h - b, -y + 9 = h - 6*h. What are the prime factors of y*-2*(-9)/12?
3, 7
Let f = 1657 - 747. Suppose 12*y - 5*y - f = 0. What are the prime factors of y?
2, 5, 13
Suppose 567 = 2*y + 61. Let j = y - 123. Suppose 0 = -2*m - 3*m + j. What are the prime factors of m?
2, 13
Suppose 2*p - 1552 = -4*u, 2*u + 4*p = 2*p + 772. What are the prime factors of (u/150)/((1/(-5))/(-1))?
13
Suppose 2*a - 2*j - 1291 = j, 5*j = -25. Suppose a = 4*i + 7*i. List the prime factors of i.
2, 29
Let m(u) be the first derivative of u**3/3 + 4*u**2 + 2*u - 6. Let c be m(-5). Let l = 28 + c. List the prime factors of l.
3, 5
Suppose -54*v + 65*v = 12683. What are the prime factors of v?
1153
Suppose 3*z - 3898 = -5*m, -2*m + 0*z = 4*z - 1562. What are the prime factors of m?
19, 41
Let y be ((-7)/(-4) - 3/4) + 1. Suppose -3*p + 2*c + 160 = 0, 100 = 2*p - 0*c + y*c. List the prime factors of p.
2, 13
Let a = 990 - 415. List the prime factors of a.
5, 23
Suppose -b - 4*g + 49 = 0, 0*b = 3*b - g - 82. Let d = b - -34. What are the prime factors of d?
3, 7
Let l(y) = -96*y - 54. List the prime factors of l(-5).
2, 3, 71
Let t = -184 + 661. List the prime factors of t.
3, 53
Let q = 62 - 37. Suppose -2*u + q = -5*z + 3*u, 2*z - u + 5 = 0. Suppose w + z = 10. List the prime factors of w.
2, 5
Let d(p) = -3*p**3 + 24*p**2 + 1. What are the prime factors of d(7)?
2, 37
Suppose -2*h + 4*x + 1823 - 467 = 0, -2*h + 2*x = -1346. What are the prime factors of h?
2, 167
Let m = 1735 + -1309. What are the prime factors of m?
2, 3, 71
Let d = -37 - -40. Suppose -d*c = q - 181, -4*q - 8 + 0 = 0. What are the prime factors of c?
61
Let r(q) = 27*q**2 - 8 - 6 + 17 + 4*q - 5. List the prime factors of r(-2).
2, 7
Let r = 1871 - 901. List the prime factors of r.
2, 5, 97
Let z(w) = w. Let l be z(4). Suppose l*x - 220 = -0*x. Let r = -32 + x. What are the prime factors of r?
23
Let d(o) = 2*o**2 + 8 + 20*o - 3*o**2 - 1. What are the prime factors of d(15)?
2, 41
Suppose 3*x - 65 = -2. Let b = 49 + x. What are the prime factors of b?
2, 5, 7
Let a be 1 + 2 + (0 - -3). Suppose -4*z - 12 = 4*k, 9*k + 18 = 4*k - 2*z. What are the prime factors of ((-1320)/36)/(k/a)?
5, 11
Let q = -9173 - -13030. List the prime factors of q.
7, 19, 29
Suppose -1596 = -3*y + 4*u